 + 3*v - g + 37 = 0, 3*v = 3*s - 72. Suppose -4*h - s - 42 = -4*x, -5*h = -x + 25. What are the prime factors of x?
3, 5
Suppose -2*m - 100 = -o, 2*o - m + 3*m = 224. Let u = o + -73. What are the prime factors of u?
5, 7
Let v(c) = -c**2 - 14*c - 17. Suppose 4*z + k + 51 = 0, -2*z = 5*k + 34 + 5. List the prime factors of v(z).
7
Suppose -2*q = 4*i - 0*i - 4, -5*i = -q - 5. Suppose -2*b + q*b + 10 = 0. What are the prime factors of b?
5
Let r = 20 - 16. What are the prime factors of r?
2
Suppose -5*y + 16 - 1 = 0. Let l(g) = -5*g**2 - 5*g**3 + 1 + 4*g**y + 2. What are the prime factors of l(-5)?
3
List the prime factors of (-11*48/14)/((-10)/105).
2, 3, 11
Let z = -113 - -229. Suppose 4*n - 11 - 15 = -2*m, 5*n - 28 = -m. Suppose -33 = -2*x - 3*h, z = n*x + 2*h + 39. List the prime factors of x.
3, 5
Let t = -71 + 126. Let c be 3/((-9)/(-15)) - 1. Suppose d + c*d = t. List the prime factors of d.
11
Let t = 15 + -10. Let l(m) = 3*m - 5*m + 3*m - t. What are the prime factors of l(7)?
2
Let u = 31 + -10. What are the prime factors of u?
3, 7
Let m(g) = -g - 4. Let h be m(-5). Let l(j) = 10*j - 2. What are the prime factors of l(h)?
2
Suppose -8 = -2*c - 0. Suppose 0*h = h + c. What are the prime factors of ((-21)/(-14))/((-1)/h)?
2, 3
Let s be (4 - 2 - -1) + 2. Suppose -s*o + 9 + 1 = 0. Suppose -o*g + 4 = b, -b + 3*g + 0*g + 24 = 0. What are the prime factors of b?
2, 3
Let f = 15 + 62. What are the prime factors of f?
7, 11
Suppose -3*b + 4*j + 41 = 0, 1 = -5*b - 3*j + 21. List the prime factors of b.
7
Suppose -5*y + 78 = -17. Suppose 4*k + 3 = y. Suppose -2*d + 5*d = p + 40, k*p = 5*d - 55. What are the prime factors of d?
3, 5
Let g = 525 - 262. List the prime factors of g.
263
Suppose 0 = g + 2*g + 30. Let n = g - -21. List the prime factors of n.
11
Let x = 3 + 0. Suppose x*k + 24 = 6*k. What are the prime factors of k?
2
Suppose -90 = y - 4*y. What are the prime factors of 6/(-10) - (-288)/y?
3
Let b(g) = -g**3 - 9*g**2 + 4*g + 5. Let l be b(-9). Let c = 118 + l. Suppose 0 = 2*z - 2*j - 36, -4*z - j = -0*z - c. What are the prime factors of z?
3, 7
Let r = -1 + 7. Let n(i) = 3*i - 30. Let o(a) = -2*a + 20. Let g(w) = 5*n(w) + 8*o(w). List the prime factors of g(r).
2
Let u = 30 - -4. What are the prime factors of u?
2, 17
Let p = 1 - 1. Let z = p - 1. Let m(r) = -6*r**3 - r**2 - r. List the prime factors of m(z).
2, 3
Let y be (6/12)/(1/6). Suppose 3*d = -2*a + 27 + 18, y*d = -15. List the prime factors of a.
2, 3, 5
Suppose t - 4*o = -4, -3*o + 2 = -1. Let s = 3 - 1. Suppose -5*l + s + 23 = t. What are the prime factors of l?
5
Let x(n) = n**3 + 7*n**2 + n - 4. Let y be x(-7). Suppose -34 = -4*q + 2*p - 112, -15 = q - 2*p. Let s = y - q. List the prime factors of s.
2, 5
Suppose j + 5 = -r + 6*r, -3*r + 5*j = 19. Suppose r*c + 5*w + 17 = 0, 7*c - 4*c - 4*w = 9. List the prime factors of c/(3/1)*-12.
2
Let d(r) = 7*r + 168. What are the prime factors of d(0)?
2, 3, 7
Let n = 167 - -178. Let w = n + -243. List the prime factors of (2/(-6))/((-2)/w).
17
Suppose -t + 4*t = -120. Let u = -28 - t. What are the prime factors of u?
2, 3
Suppose -3*y - 4*k - 60 - 35 = 0, -3*y - k = 98. Let c = 47 + y. List the prime factors of c.
2, 7
Let v(h) = -h**3 - 4*h**2 - 3*h + 1. Let x be v(-4). Let o = x + -8. Suppose o*f + 35 = 4*z - 39, -z + 20 = -2*f. What are the prime factors of z?
2
Suppose 0*q + 2 = q. List the prime factors of (-10 + -6)*(q - 3).
2
Suppose -15 = -5*o, -a + o + 9 + 14 = 0. Suppose 5*u - 78 = 4*k, -3*k = 3*u - 10 - a. List the prime factors of u.
2, 7
Suppose 4 - 104 = -4*h. List the prime factors of h.
5
Let n(a) = -a + 1. Let t be n(-5). Let y = t - -3. What are the prime factors of y?
3
Suppose 95 = -12*w + 7*w. Let q = 13 - w. What are the prime factors of q?
2
Suppose 0 = v + v - 150. What are the prime factors of v?
3, 5
Let p(f) = -6 - f**2 - 2 + 26*f - 37*f. What are the prime factors of p(-7)?
2, 5
Suppose 80 = d + 4*d. What are the prime factors of d?
2
Suppose -2*o + 5 = -3*c, -c = c + 3*o - 14. List the prime factors of 38*(1/c)/2.
19
Let k be (-644)/(-18) + 4/18. Suppose -5*x + 3*x = -k. List the prime factors of x.
2, 3
Let c = -8 + 7. What are the prime factors of -3 + 1 - 4/c?
2
Let k(v) = v**2 + 6*v - 8. Let h be k(-6). Let y = -14 - h. List the prime factors of ((-2)/y)/((-2)/(-66)).
11
Let c(f) = f - 8. Let a = 25 - 15. Let j be c(a). Suppose m - 23 = -5*u, u + 21 = 6*u + j*m. List the prime factors of u.
5
Suppose -8*c + 2941 = 9*c. List the prime factors of c.
173
Let w = 61 - 40. What are the prime factors of w?
3, 7
Let m(o) = o**2 + 2*o - 3. Let q be m(2). Suppose 29 = q*l - 11. What are the prime factors of l?
2
Suppose c = 4*c + 9. Let i = c + 5. Suppose -5*x = -8 - i. List the prime factors of x.
2
Suppose -q - q = 5*j - 9, 4*q - 5*j = 93. What are the prime factors of q?
17
Let s(d) be the first derivative of -d**6/120 + d**5/60 + 3*d**3/2 + d**2/2 + 2. Let b(g) be the second derivative of s(g). List the prime factors of b(0).
3
Suppose 0 = -i - 2*j + 102, -5*j + 0*j = -5. What are the prime factors of i?
2, 5
Let l = 64 + -40. What are the prime factors of l?
2, 3
Suppose 102 = 4*d - 58. List the prime factors of d.
2, 5
Let k be (1*(-191)/(-1))/1. Suppose 5*m - k = -3*s, s + s = -3*m + 115. List the prime factors of m.
37
Let w = -3 + 3. Let s be 1 - (-1 + w + 1). Suppose 2*g + 4*t = 52 - 10, g - s = 2*t. What are the prime factors of g?
11
Let g be ((-4)/(-6))/((-6)/(-9)). Suppose 3*u - 9 = -h, -4*h + 5*h = -u + g. What are the prime factors of h - (-3 - (-20)/(-1))?
2, 5
Let m = -1 - -1. Suppose 4*n + 2*g - 8 = 0, m*g + 4*g + 2 = -2*n. What are the prime factors of n?
3
Suppose -5*o + f + 10 + 8 = 0, -f - 9 = -2*o. Suppose -10 = -o*j + 35. What are the prime factors of j?
3, 5
Let p(h) = -3*h - 12. Let d be p(-10). Let m = d - 12. List the prime factors of m.
2, 3
Let t = 187 - -35. What are the prime factors of t?
2, 3, 37
Let h = -4 + 4. Let x = h + -2. List the prime factors of (-1)/(x/10) + 0.
5
Let h be (-1)/((-2)/(-2))*-1. Suppose r = h + 5. Suppose 2*m - r = m. What are the prime factors of m?
2, 3
List the prime factors of (-25236)/(-63) - 8/14.
2, 5
Suppose -4*b - 51 = 3*w - 181, 2*w - 5*b - 102 = 0. What are the prime factors of w?
2, 23
Suppose 4*c = -c - 3*k + 11, 5*c + k = 17. Suppose c*u - 2*d - 58 = -0*d, 3*u - 16 = -4*d. List the prime factors of (9/2 + -3)*u.
2, 3
Let v(h) be the first derivative of -h**4/4 - 2*h**3 - 3*h**2 - 2*h + 1. List the prime factors of v(-5).
3
Let y = -8 - -10. Let x(t) = 0*t**2 - y*t**3 + 0*t**3 - 2*t + 3 + 3*t**3 + 4*t**2. List the prime factors of x(-4).
11
Suppose -29 = 5*t + 2*q - 3*q, 4 = q. Let f(w) = -2*w + 5. List the prime factors of f(t).
3, 5
Let h be (-2)/(-4)*-1*10. What are the prime factors of h*-9*6/15?
2, 3
Let h be (-11)/(-2) + (-10)/(-20). Suppose h*c - 120 = 2*c. List the prime factors of c.
2, 3, 5
Suppose -22*q = -17*q - 580. List the prime factors of q.
2, 29
List the prime factors of (-16)/40 - (-764)/10.
2, 19
Let i(d) = 6*d + 1. Let u be i(2). Suppose k = 3*k - 4, 6 = -2*c - 3*k. Let v = u + c. List the prime factors of v.
7
What are the prime factors of 174/4 - (-7)/14?
2, 11
Let l(a) = 13*a - 5. Let r be l(7). Let p be r/(-4*3/(-6)). Suppose 0 = 4*i + 3 - p. List the prime factors of i.
2, 5
Suppose -7 = -4*u + 1. Suppose -6 = r - 2*r - u*v, -r - v = -11. What are the prime factors of r?
2
Let h(m) = -m**3 + 4*m**2 + 7*m - 6. Let s be h(5). Suppose -d - 60 = -s*d. What are the prime factors of d?
2, 5
Let k(q) = 4*q**3 - q**2 - 5*q + 1. Let g(f) = 3*f**3 - 4*f + 1. Let c(h) = 3*g(h) - 2*k(h). List the prime factors of c(1).
2
Let i(v) = 226*v**3 - v**2 - v + 2. What are the prime factors of i(1)?
2, 113
Let i = 30 + -17. What are the prime factors of i?
13
Suppose -3*l + 30 = -4*r, r = 2*l + l - 30. Suppose -2 = -2*u + 2, -b = -u - l. What are the prime factors of b?
2, 3
Let j be 4/(-8)*(1 - -1). Let y = 4 - j. Suppose 10 = y*q - 0. List the prime factors of q.
2
Let y(m) = m**3 + 7*m**2 - 17. What are the prime factors of y(-5)?
3, 11
Let j = 4 - 2. Suppose j*r = -0*r + 40. Suppose l = -l + r. What are the prime factors of l?
2, 5
Suppose -42*f - 114 = -45*f. List the prime factors of f.
2, 19
Let x be (49/28)/((-2)/(-8)